is w(8)?
-34
Let f(c) = 3*c - 14. What is f(6)?
4
Let b(t) = 8*t + 276. What is b(-34)?
4
Let g(c) = 5*c - 146. Calculate g(27).
-11
Let f(w) = -w**2 + 7*w - 32. Calculate f(12).
-92
Let i(g) = -2*g**3 - 4*g**2 - g. Determine i(-1).
-1
Let a(p) = -p**2 + 8*p - 11. Determine a(4).
5
Let j(h) = -h**3 + 7*h**2 - 2*h + 6. Calculate j(7).
-8
Let k(y) = -9*y + 18. What is k(4)?
-18
Let r(l) = -l**3 - 9*l**2 - 2*l - 22. Determine r(-9).
-4
Let s(k) = k**2 - 13*k - 137. Determine s(-7).
3
Let m(c) = 11*c**2 - 4*c + 2. Determine m(1).
9
Let y(i) = -14*i - 779. Determine y(-56).
5
Let d(f) = -f**2 + 2*f + 5. Give d(-8).
-75
Let v(x) = -x**3 - 6*x**2 - 4*x + 5. Calculate v(-4).
-11
Let i(r) = -r**3 - 9*r**2 - 2*r - 13. Calculate i(-9).
5
Let w(p) = p**3 + 7*p**2 - 9*p + 8. Determine w(-8).
16
Let g(j) = 3*j - 20. Determine g(8).
4
Let l(w) = -w**3 - 15*w**2 + 36*w + 15. Calculate l(-17).
-19
Let y(p) = p**3 - 8*p**2 + 4*p + 4. Give y(7).
-17
Let w(z) = -2*z**2 + 43*z - 25. Determine w(20).
35
Let c(u) = -2*u**3 - 42*u**2 - u - 31. Give c(-21).
-10
Let z(v) = -v**2 + 8*v - 1. Give z(7).
6
Let x(j) = 2*j**3 - 2*j. Give x(2).
12
Let a(z) = z**3 + 13*z**2 - 17*z - 41. What is a(-14)?
1
Let b(f) = -20*f - 47. Give b(-3).
13
Let a(f) = 7*f**3 - f**2 - f. What is a(-1)?
-7
Let i(u) = u + 27. Calculate i(-25).
2
Let j(n) = 117*n + 465. What is j(-4)?
-3
Let h(s) = -s**3 + 8*s**2 + 7*s + 2. Determine h(9).
-16
Let f(h) = 15*h + 20. What is f(5)?
95
Let h(j) = -27*j + 152. Determine h(4).
44
Let x(j) = -j**2 - 13*j + 26. Determine x(-17).
-42
Let j(w) = w**3 + 20*w**2 + 21*w + 9. Calculate j(-19).
-29
Let f(l) = -l**3 + 13*l**2 + 15*l - 19. Give f(14).
-5
Let h(c) = 2*c**2 - 19*c - 59. Determine h(12).
1
Let d(w) = 4*w**2 + 7*w - 15. Give d(-5).
50
Let b(c) = c**2 + 2*c - 4. Calculate b(4).
20
Let r(x) = -10*x**2 - 3*x - 2. Calculate r(-1).
-9
Let i(y) = -y**3 + 7*y**2 + 10*y - 7. What is i(8)?
9
Let i(n) = n**3 - 5*n**2 - 13*n + 1. Determine i(7).
8
Let t(k) = 3*k**2 + 43*k + 13. Give t(-14).
-1
Let q(x) = -16*x - 96. What is q(-6)?
0
Let l(d) = -d**3 + 17*d**2 - 21*d + 31. Determine l(16).
-49
Let a(y) = 29*y - 118. What is a(5)?
27
Let p(i) = 13*i + 70. Determine p(-4).
18
Let m(o) = -3*o**2 - 12*o - 13. Calculate m(-3).
-4
Let o(k) = 4*k**3 + 3*k**2 + 2*k - 1. Calculate o(-2).
-25
Let x(t) = -t**2 + 3*t + 23. What is x(6)?
5
Let q(y) = -5*y**2 + y. Calculate q(2).
-18
Let u(g) = g**2 - 19*g + 36. Give u(17).
2
Let w(d) = d**3 + 6*d**2 - 5*d - 3. Calculate w(-3).
39
Let d(q) = q**2 + 18*q + 65. Give d(-5).
0
Let m(q) = 11*q + 11. Calculate m(-2).
-11
Let j(d) = 10*d + 35. Calculate j(-5).
-15
Let p(s) = 34*s + 303. Determine p(-9).
-3
Let l(n) = 3*n - 18. Calculate l(2).
-12
Let y(d) = d + 14. Calculate y(-3).
11
Let d(w) = -75*w - 4. Determine d(-1).
71
Let f(q) = -3*q - 54. Give f(-20).
6
Let n(s) = -2*s**3 + 20*s**2 - 22*s + 25. What is n(9)?
-11
Let o(g) = -2*g**3 + 2*g**2 + 2*g - 3. Give o(3).
-33
Let g(q) = -q**3 + 4*q**2 - 2*q. Determine g(1).
1
Let f(n) = n**3 - 4*n**2 - 2*n. Give f(4).
-8
Let j(r) = -r**3 + 6*r**2 + 7*r - 8. Determine j(7).
-8
Let z(r) = -19*r**3 + r**2 - r - 1. Determine z(-1).
20
Let c(d) = 12*d + 12. Determine c(6).
84
Let m(w) = -w**2 - 13*w + 32. Calculate m(-14).
18
Let u(f) = f**3 + 9*f**2 - f - 2. Calculate u(-9).
7
Let n(k) = -k**2 + 28*k - 50. What is n(26)?
2
Let a(t) = 2*t + 19. What is a(-14)?
-9
Let z(c) = -3*c + 1. Determine z(-8).
25
Let j(p) = -19*p + 453. Give j(24).
-3
Let j(m) = -2*m**3 - 13*m**2 + 10*m - 1. Calculate j(-7).
-22
Let i(n) = -27*n**2. Calculate i(1).
-27
Let n(v) = -14*v**3 - v**2 + 3*v + 3. Calculate n(-1).
13
Let k(w) = 16*w - 25. Give k(9).
119
Let v(f) = f**2 + 2*f - 19. Determine v(8).
61
Let t(i) = -2*i**3 - 14*i**2 - 7. Calculate t(-8).
121
Let h(r) = -3*r + 12. What is h(2)?
6
Let i(n) = -3*n + 8. What is i(20)?
-52
Let x(l) = l**2 - 22*l - 5. Give x(22).
-5
Let s(z) = -z**3 - 13*z**2 - 15*z - 17. Determine s(-12).
19
Let v(m) = -3*m - 44. Give v(-8).
-20
Let r(b) = 2*b - 5. Calculate r(-8).
-21
Let n(k) = -k**3 + 44*k**2 - 40*k - 128. Calculate n(43).
1
Let y(c) = -7*c - 41. What is y(-6)?
1
Let a(j) = j + 6. Determine a(-6).
0
Let b(d) = 18*d - 100. Give b(0).
-100
Let j(n) = -n**2 - 4*n - 3. Calculate j(0).
-3
Let q(f) = f**3 - 9*f**2 - 17. What is q(9)?
-17
Let x(m) = m**3 - 5*m**2 + 5*m - 1. Give x(2).
-3
Let d(u) = 2*u**2 + 101*u - 51. Determine d(-51).
0
Let y(o) = 3*o**2 - 9*o + 2. Calculate y(4).
14
Let c(a) = -38*a - 128. Give c(-3).
-14
Let d(h) = -2*h**2 - 1. Determine d(-1).
-3
Let p(o) = -o**2 - 12*o - 6. Calculate p(-10).
14
Let u(i) = i**3 - 13*i**2 - 32*i + 22. What is u(15)?
-8
Let m(i) = 2*i - 2. What is m(2)?
2
Let c(j) = 21*j**2 + j. Determine c(-1).
20
Let j(y) = y**2 + y + 1. What is j(0)?
1
Let z(d) = 4*d**2 - 5*d - 4. Give z(2).
2
Let w(m) = m**2 - 6*m + 3. What is w(5)?
-2
Let l(s) = -14*s - 1. Give l(-3).
41
Let w(r) = -r**3 + 8*r**2 + 3. Determine w(8).
3
Let p(k) = k**2 - 6*k. Give p(8).
16
Let t(s) = s**3 + 55*s**2 + s + 52. Calculate t(-55).
-3
Let s(q) = 22*q + 79. Determine s(-10).
-141
Let g(d) = -d**3 - 8*d**2 - 6*d - 7. Determine g(-7).
-14
Let h(g) = 3*g**3 - 2*g - 2. What is h(-2)?
-22
Let t(m) = -47*m**2 - 2*m - 1. Determine t(-1).
-46
Let x(f) = -7*f**2 - 19*f - 3. Calculate x(-2).
7
Let y(c) = -16*c + 106. Determine y(6).
10
Let s(t) = t**2 + 27*t - 94. Calculate s(-29).
-36
Let f(u) = -13*u - 4. Determine f(-2).
22
Let q(s) = -s**3 + 3*s**2. Calculate q(3).
0
Let f(k) = -4*k + 16. Give f(15).
-44
Let j(p) = 16*p + 396. Determine j(-25).
-4
Let d(t) = -8*t**3 - t. What is d(1)?
-9
Let k(j) = -j**2 + 9*j + 10. Give k(9).
10
Let k(l) = -l**2 - 4*l + 3. What is k(3)?
-18
Let y(p) = -p**2 + 34*p + 332. What is y(-8)?
-4
Let y(u) = -u**3 + 7*u**2 + u - 23. Determine y(5).
32
Let t(o) = 2*o**3 - 32*o**2 - 1. Determine t(16).
-1
Let g(t) = -t**2 + 16*t - 9. Determine g(15).
6
Let j(c) = 2*c**3 - 6*c**2 + 6*c - 23. Determine j(4).
33
Let p(m) = m**3 - 42*m**2 - 4*m + 163. What is p(42)?
-5
Let k(g) = -45*g - 1. What is k(-1)?
44
Let p(g) = -g**2 - 2*g - 3. What is p(-2)?
-3
Let r(d) = -54*d + 1. Determine r(2).
-107
Let v(d) = -2*d. Give v(2).
-4
Let k(t) = -t**2 - 3*t + 40. What is k(-7)?
12
Let h(u) = 24*u + 138. What is h(-6)?
-6
Let m(v) = v**2 - 6*v + 3. Determine m(8).
19
Let f(s) = s**2 - 4*s - 10. Determine f(7).
11
Let w(n) = n + 7. Determine w(-4).
3
Let j(t) = 11*t - 169. Determine j(16).
7
Let n(z) = z**2 + 13*z + 1. What is n(-11)?
-21
Let l(n) = -3*n - 15. What is l(11)?
-48
Let g(v) = -2*v - 1. What is g(5)?
-11
Let z(m) = m**3 - 24*m**2 + 65*m - 52. What is z(21)?
-10
Let m(q) = 2*q - 15. Calculate m(-4).
-23
Let j(f) = f**3 + 16*f**2 - f - 21. Calculate j(-16).
-5
Let x(b) = -b**3 - 4*b**2 - 2*b - 3. Calculate x(-4).
5
Let r(w) = -26*w**2 + 7*w + 1. Give r(-3).
-254
Let v(s) = -s**3 + 15*s + 6. Calculate v(0).
6
Let l(s) = s**3 - 8*s**2 - 11*s + 7. Determine l(9).
-11
Let g(n) = 27*n**2. What is g(-1)?
27
Let v(h) = -2*h**3 + 13*h**2 - 9*h + 102. What is v(7)?
-10
Let x(v) = -3*v**3 + v. Calculate x(-1).
2
Let u(t) = 109*t**3 + t**2 + 2*t. Give u(-1).
-110
Let v(c) = -5*c**3 - 15*c**2 + 2*c. Determine v(-3).
-6
Let d(k) = -25*k + 56. Give d(2).
6
Let s(h) = 5*h - 102. What is s(19)?
-7
Let y(r) = -6*r**2 + 34*r - 37. Determine y(2).
7
Let b(l) = -6*l**2 - 16*l + 1. Give b(-3).
-5
Let q(p) = p**2 + 3*p. Calculate q(-4).
4
Let h(y) = -y**2 + 25*y - 108. Calculate h(20).
-8
Let l(t) = t**2 - 8*t + 14. What is l(6)?
2
Let y(n) = -2*n - 10. Determine y(3).
-16
Let p(j) = -j**3 + 5*j**2 + 12*j + 14. What is p(6)?
50
Let d(o) = -o - 8. Give d(-3).
-5
Let z(n) = -n**2 - 4*n + 49. Determine z(5).
4
Let f(o) = o**3 + 4*o**2 - 19*o - 22. What is f(-6)?
20
Let v(b) = -3*b + 32. What is v(9)?
5
Let x(y) = 35*y + 391. Give x(-11).
6
Let q(p) = p - 13. Calculate q(-17).
-30
Let c(b) = b**3 - 35*b**2 - 9*b + 312. Give c(35).
-3
Let m(j) = j**2 + 3*j - 1. What is m(2)?
9
Let i(t) = -2*t - 11. Determine i(8).
-27
Let i(q) = -15*q - 29. What is i(-4)?
31
Let b(q) = -q**2 + 12*q + 64. Calculate b(16).
0
Let u(t) = 5*t - 24. Give u(7).
11
Let r(p) = -4*p - 22. Calculate r(-10).
18
Let o(a) = a**3 + 18*a**2 + 17*a - 2. Calculate o(-17).
-2
Let r(o) = -o**2 + 9*